 = -p**3 + 5*p**2 + 4*p + 13. Let u = 529 + -523. Calculate q(u).
1
Let u(i) be the first derivative of i**4/2 + i**3/3 - 3*i**2/2 - 3*i + 12. Calculate u(-2).
-9
Let j(q) = -31*q**2 + 31*q - 44. Let b(m) = -11*m**2 + 10*m - 15. Let k(f) = 17*b(f) - 6*j(f). What is k(-16)?
9
Suppose m = 3*m - 10. Suppose -4 = -m*d + 11. Let a(s) = 4 + s - 3*s**2 - 3 + 4*s**3 + 3 - 5*s**d. Calculate a(-3).
1
Suppose -6*c + 24 = -12. Let u(p) be the second derivative of 2*p - p**3 + 7/12*p**4 - 1/20*p**5 - 7/2*p**2 + 0. Give u(c).
-7
Let j(d) = 12962*d - d**2 + 4*d**2 - 12966*d. What is j(4)?
32
Let f(z) be the second derivative of 3*z**3/2 + 13*z**2/2 - 13*z + 3. Let x(r) = 4*r + 6. Let s(o) = 6*f(o) - 13*x(o). Give s(-7).
-14
Let t(x) = x**3 + 11*x**2 - 11*x + 5. Let d = -186 + 174. Give t(d).
-7
Let d(f) = -f**3 - 262*f - 8*f**2 + 8 + 127*f + 145*f. What is d(-9)?
-1
Let a(b) be the first derivative of b**3/3 + 5*b**2/2 + 110. What is a(-4)?
-4
Let r(y) = -7*y - 5. Suppose 2*n + 24 = 8*n. Let g(t) = 14*t - 1 + 3 + 7. Let x(i) = n*g(i) + 7*r(i). What is x(-1)?
-6
Let m(b) be the first derivative of 1/3*b**3 + 9*b + 4*b**2 - 2. What is m(-6)?
-3
Let r be (-32)/12*(-6)/4. Let q(h) = -7*h - 2. Let k(s) = 57*s + 17. Let m(l) = k(l) + 8*q(l). Give m(r).
5
Let t(o) = o**3 - 6*o**2 + 4*o + 5. Let h be t(6). Suppose 34*w = h*w + 30. Let p(i) = w*i - 3*i**2 + 3 - 7 + 5*i**2 - i**2. Calculate p(-6).
-4
Let z(q) = -2*q**2 - 3*q + 1. Suppose 64 = 4*w + 8. Let c(f) = f**2 + 22*f - w*f - 9*f. Let p(x) = 3*c(x) + z(x). Determine p(7).
8
Let v(s) = s**2 + s + 17. Let h(b) = -b**3 - 4*b**2 + 4*b - 5. Let j be h(-4). Let g = j + 21. Calculate v(g).
17
Let j(p) = -2*p + 35. Let d = -794 - -816. Determine j(d).
-9
Let p(c) = -c**2 + c + 2. Let x = 48 + -49. Let d be p(x). Let s(h) = h**2 + h - 7. Give s(d).
-7
Suppose -2*n - 18 = -5*j, 3*j + 10*n - 2 = 9*n. Let q(w) = -w**2 + w + 1. Give q(j).
-1
Let g(j) = j**3 + 8*j**2 + 9*j + 8. Let r(i) = 4*i - 4*i + 3*i + 2*i + 33. Let p be r(-8). Determine g(p).
-6
Let q be 1738/143 - 2/13. Let l be q/8*-4 + 2. Let d = -9 - l. Let p(x) = x**2 + 7*x + 5. Calculate p(d).
-5
Let a(r) = 4*r. Let i(h) = -9*h - 1. Let g(c) = -5*a(c) - 2*i(c). Let f(u) = -4*u**2. Let n be (-2)/(-6) + (-6)/(-9). Let y be f(n). Calculate g(y).
10
Let r(f) = -f**3 - 6*f**2 - f. Suppose -14*t - 52 + 10 = 0. Determine r(t).
-24
Let o(l) = -l**2 + l - 3. Suppose -b - 5 = -1, -4*b - 4 = 3*u. Suppose -c = -4*j + u, 0*j + 4 = 4*j + c. Let y be -1 + (3 - j) + -1. Determine o(y).
-3
Let j = 50 + -57. Let f(a) = -a - 8. What is f(j)?
-1
Suppose -2*w = 4*j + 22, 3*j + 16 = -w + 1. Let l(x) = -x**3 - 4*x**2 + 3*x + 3. Give l(j).
-9
Let v(a) be the third derivative of -a**4/3 - 2*a**3/3 + a**2 - 7. What is v(-3)?
20
Let v(t) = t. Let d be (0 - -3)*6/9. Suppose -f = -d*f + 11. Let y(l) = l**3 - 12*l**2 + 11*l + 3. Let c be y(f). Give v(c).
3
Let m(o) be the first derivative of o**3/3 + 3*o**2 + 8*o + 84. Calculate m(-4).
0
Let n(k) = 5*k**3 - 41*k**2 - 41*k - 20. Let h(v) = -v**3 + 8*v**2 + 8*v + 4. Let j(c) = -11*h(c) - 2*n(c). Suppose 24 = 22*m - 130. Calculate j(m).
3
Suppose 2*h = 2*g + 12 - 4, 0 = -4*h + g + 10. Let t(v) = -2*v**2 - 1 - h*v + 1 - v**3 - 4. Let z = -3 + 0. Calculate t(z).
11
Let c(s) = 8*s - 53. Suppose -34*h = -91*h + 399. Calculate c(h).
3
Let i(j) = -j**2 + j + 3. Let c be 31/7 + (-15)/35. Determine i(c).
-9
Let l(c) = 7*c + 57. Let d be l(9). Let x(j) = d*j - 6 - 118*j - 1. Determine x(-5).
-17
Let g(u) = -u**2 + 4*u + 5. Let w(m) = m**2 + 2*m + 3. Let h = 4 - -5. Let o(f) = -f + 6. Let a be o(h). Let b be w(a). Calculate g(b).
-7
Let c(v) be the second derivative of -v**5/20 - 2*v**4/3 + v**3/6 + 2*v**2 - 81*v + 1. Calculate c(-8).
-4
Let k(y) be the second derivative of 7*y + 1/3*y**3 - 1/60*y**5 + 0 - 1/120*y**6 - y**2 - 1/24*y**4. Let z(t) be the first derivative of k(t). What is z(0)?
2
Let w(u) = 3*u - 6. Suppose 117*h + 19 = 5*z + 113*h, 3*h - 47 = -5*z. What is w(z)?
15
Let d = 19 - 106. Let q = d + 80. Let n(b) = b + 7. What is n(q)?
0
Let h(z) be the first derivative of 3*z**2 - 4*z - 545. Give h(0).
-4
Let x(c) = 11*c**3 + 6*c**2 - 2*c + 7. Let k(r) = -2*r**3 - r**2 - 1. Let z(g) = -5*k(g) - x(g). Suppose -4*a + 12 = -4*d, 2*a = -a + 15. What is z(d)?
-10
Let d(a) = -4 + 3*a + a**3 + 2*a**2 - 4*a**2 - 4*a**2 - a**2 - 2. Determine d(7).
15
Let q(x) = 3*x - x**3 - 10 + 36 - 6 - 3*x**2 + x - 14. Determine q(-4).
6
Let k(q) = 5*q + 32. Let x be k(-4). Let o(p) = -p**3 - 2 + 6*p**2 - p + x - 7 - 7. Give o(6).
-10
Let z(i) = i**2 - 3*i. Suppose -20*s + 4 = -18*s. Give z(s).
-2
Let u(j) be the third derivative of 49*j**2 + 0 - 7/60*j**5 + 4/3*j**3 - 1/12*j**4 + 0*j + 1/120*j**6. Calculate u(7).
-6
Let r(l) = -l**2 + l. Let w(u) = 4*u**2 - 8*u + 3. Let x(n) = -6*r(n) - w(n). Let b(i) = -1 + i - 4 + 4 + 0. Let f(h) = -3*b(h) + x(h). Give f(-1).
3
Let c be (2*-1 - -27) + 1. Suppose 9*f = 18 + 27. Suppose f*d = 2*x + c, -5*d = -0*x + x - 17. Let v(u) = -u**2 + 3*u + 2. Calculate v(d).
-2
Let a(m) = -3*m**3 + 8*m**2 + 5*m + 4. Let z(n) = 16*n**3 - 42*n**2 - 26*n - 22. Let k(j) = 11*a(j) + 2*z(j). Determine k(4).
12
Suppose 4*j - j = -4*v + 17, 23 = 5*j + 4*v. Let s(z) = 105*z**3 - z + 5*z**2 - 1 - 104*z**3 + j. Let l(b) = b**3 - 4*b**2 - 5*b - 5. Let g be l(5). Give s(g).
7
Let l(z) = -z**2 + 11*z + 33. Let q(o) = -o**2 + 37*o - 317. Let i be q(15). Calculate l(i).
7
Let p(g) = -55*g - 71*g - 59*g + 0*g**2 + 198*g - g**2. Calculate p(12).
12
Let r(z) be the second derivative of 5/12*z**4 + 1/6*z**3 - 7*z + 0 + 1/2*z**2. Calculate r(-1).
5
Let o(g) = -3*g + 3. Let d = 38 + -35. Let t be o(d). Let x(m) = m**2 + 7*m + 2. Calculate x(t).
-4
Let x(i) = -6*i**2 - 375*i + 743*i - 371*i - i**3 - 5. Give x(-5).
-15
Let s(w) be the second derivative of -w**4/12 - 7*w**3/6 + 7*w**2/2 - 10823*w. Let l = -13 - -7. Determine s(l).
13
Suppose -3*r - 2*r + 19 = 3*k, 0 = 2*r + 2*k - 6. Suppose -r*d - 20 = -35. Let c(z) = -11*z**2 - z - 3 + 8*z**2 + 2 - z**d. Calculate c(-2).
-3
Let o = -109 + 109. Let d(h) be the second derivative of h**4/12 - h**3/6 + 13*h. Determine d(o).
0
Let p(s) = -5*s**3 + 8. Suppose -9*y = -6*y + 18. Let l(r) = -6*r**3 - r**2 + 8. Let k(q) = y*l(q) + 7*p(q). What is k(-6)?
8
Let c(s) = 3*s. Suppose 11*j - 2459 + 2360 = 0. Give c(j).
27
Let n(s) = 7*s. Suppose -g + 32 - 152 = 0. Let b = g - -123. Determine n(b).
21
Suppose 0 = -3*t + 2*k - 35, 2*t + 3 = 4*k - 7. Let r be 40/t*(-9)/(-6). Let y(f) = 4*f**2 + f**2 - 6*f + f**3 - 5 + 9*f. Calculate y(r).
-1
Let b(m) = -m + 2. Let c = -19 - -22. Let f(q) = c + 3*q - 3*q - q - 2. Let x(u) = -b(u) - f(u). Determine x(-3).
-9
Let i(w) = -6 - 10*w + 11*w + 0 - 3 + 0. Give i(0).
-9
Let t(c) be the third derivative of -c**4/12 + c**3/6 - 55*c**2. Calculate t(-1).
3
Let f(l) = -12*l**2 + 36*l + 31. Let c(p) = -7*p**2 + 18*p + 18. Let j(o) = -5*c(o) + 3*f(o). What is j(17)?
20
Let l(w) = -w - 5. Let u(x) = -x - 4. Let a(s) = 5*l(s) - 4*u(s). Let y(r) be the first derivative of 5*r**2/2 + 2. Let j be y(-1). Determine a(j).
-4
Let f(l) = l + 3 - 5 + 1. Suppose 44 = 9*t + 18 - 55. Determine f(t).
8
Let o = -808 + 811. Let t(z) = -z**2 + 4*z - 3. Give t(o).
0
Let m(z) = 7*z**2 + 68*z - z**2 + z**3 - 69*z - 6. Suppose 4*o - 5*d = -19, -4*o - 5*d = 4 + 25. Determine m(o).
0
Let q(t) = t + 2. Let z(c) = 26*c**2 + 20*c + 10. Let o(d) = 5*d**2 + 4*d + 2. Let x(b) = 11*o(b) - 2*z(b). Let w = -31 + 29. Let k be x(w). Give q(k).
8
Let v(o) = 2*o**3 - 30*o**2 - 2*o + 29. Let w be v(15). Let m(i) = 8*i. Calculate m(w).
-8
Let u(f) = -2*f - 1. Let q(v) = v**3 + 17*v**2 - 17*v + 20. Let h be q(-18). Suppose 3*l + 20 = -h*l. Determine u(l).
7
Let v = -888 + 879. Let o(a) = -a**2 - 9*a - 6. Calculate o(v).
-6
Suppose -5*t = 188 - 653. Let h = 91 - t. Let k(c) = -2*c + 2. Give k(h).
6
Let k(g) = 0 - 3*g**2 - g**2 + 1 - 2 - 39*g + 37*g + g**3. Determine k(5).
14
Let f = -33 - -34. Let r be 2 - (f - (2 + -1)). Let n(k) = -2 - r*k + k + 1 + 2*k. Determine n(5).
4
Let g(r) = -28*r + 29*r - 28 + 39. Give g(-12).
-1
Let m(g) = g**3 - 2*g**2 - 7*g + 5. Let y be m(4). Let s(f) = 99*f**3 + 4 - f + 98*f**3 + 11*f**2 - 2*f**2 - 198*f**3 + 0*f. Give s(y).
-5
Let g(n) = -2*n**2 + 615 - n**3 - 617 - 3*n + 16*n. Give g(-5).
8
Let x be -15*(